12230
In base 11, what is -221213 + 4?
-22120a
In base 13, what is 6 + 97a2119?
97a2122
In base 14, what is 82c895 + 3?
82c898
In base 11, what is -130188 + -15?
-1301a2
In base 13, what is 7897 - -86a?
8434
In base 6, what is 45520404 - -12?
45520420
In base 8, what is 13 - -21656732?
21656745
In base 15, what is 4 - -aac66c?
aac671
In base 11, what is 15 + 2204439?
2204453
In base 6, what is 12421 - 135354?
-122533
In base 7, what is 4 - -1521105?
1521112
In base 5, what is 22232 - 1023134?
-1000402
In base 16, what is -1759aec - 5?
-1759af1
In base 4, what is 2022211311323 + 22?
2022211312011
In base 14, what is 193b - -3d32?
586d
In base 11, what is -15a79211 - -a?
-15a79202
In base 12, what is b17a66 - 4?
b17a62
In base 6, what is -555424 - -245051?
-310333
In base 13, what is -94879c + 32?
-94876a
In base 6, what is -213 - -21310040?
21305423
In base 10, what is 163 + 926602?
926765
In base 13, what is -12a298 - -1c?
-12a279
In base 13, what is -10 - -5a8209?
5a81c9
In base 10, what is 12501313 + 0?
12501313
In base 5, what is -10311134040 + 2?
-10311134033
In base 2, what is -1010010010101 - 1110111010010011?
-10000001100101000
In base 7, what is -12 + 123635524?
123635512
In base 13, what is -6 - -a5ca15?
a5ca0c
In base 13, what is 1169ab - a?
1169a1
In base 10, what is 4080012 - 6?
4080006
In base 16, what is 163 - 2a1?
-13e
In base 4, what is 111000102 + 2032?
111002200
In base 11, what is 1315 + 9917?
10131
In base 9, what is 0 + -372166?
-372166
In base 11, what is -189 - 12985?
-13063
In base 9, what is 211 + 1823623?
1823834
In base 4, what is 303220330 + -122?
303220202
In base 7, what is -12251 - 4134?
-16415
In base 4, what is 1233233100030 - -2?
1233233100032
In base 6, what is -5432210502 - -4?
-5432210454
In base 4, what is -101112 - 3123331?
-3231103
In base 3, what is -10 - -210012100112112?
210012100112102
In base 15, what is -23 + -99ee3?
-9a016
In base 8, what is 26113643 - -1?
26113644
In base 16, what is 1359 - -2115?
346e
In base 6, what is 1122 - 42052?
-40530
In base 13, what is 3c - -2ab225?
2ab264
In base 4, what is 10 + 1033220210222?
1033220210232
In base 14, what is -10c542 - -1a?
-10c526
In base 14, what is 3 - 12b334?
-12b331
In base 12, what is -7 + 4244ab?
4244a4
In base 14, what is 2b + 5b5184?
5b51b1
In base 15, what is 1161 - -436?
1597
In base 12, what is 5123 + -2998?
2347
In base 9, what is 1 - -316148306?
316148307
In base 11, what is 328801 + 748?
329449
In base 8, what is 2577 + -63720?
-61121
In base 16, what is -219f + 24af?
310
In base 5, what is 31241020433 + -10?
31241020423
In base 2, what is -110 + 111011011000111001111?
111011011000111001001
In base 16, what is 19c4606 + 4?
19c460a
In base 7, what is -102 - -3105251?
3105146
In base 4, what is 3121 + -31033302?
-31030121
In base 13, what is -398668a + 3?
-3986687
In base 15, what is -4cc610 - -9?
-4cc606
In base 13, what is -b3725369 - 4?
-b3725370
In base 15, what is 118 + -12554?
-1243b
In base 6, what is 12145 - -213345?
225534
In base 7, what is -20254302 - 125?
-20254430
In base 9, what is -12 + -85738?
-85751
In base 3, what is 220100221110100 + -12210?
220100221020120
In base 9, what is -3775 + 773?
-3002
In base 15, what is 104 + -2bb8b?
-2ba87
In base 11, what is -3a - -301a631?
301a5a2
In base 10, what is -582 + 290729?
290147
In base 5, what is 1313 + -43124110?
-43122242
In base 15, what is 6 + -33288d1?
-33288ca
In base 12, what is -9141 - 13?
-9154
In base 6, what is -3250 + 21213?
13523
In base 8, what is 1716 - -5513?
7431
In base 3, what is 2022222102021 - 20?
2022222102001
In base 12, what is -75713a91 - 1?
-75713a92
In base 14, what is aa + c54c?
c618
In base 10, what is 2 + 14909892?
14909894
In base 6, what is -52342 + -5554?
-102340
In base 12, what is 5 - 99a93a8?
-99a93a3
In base 2, what is 11010001011110011010100 + 10?
11010001011110011010110
In base 4, what is 2030332 + -102322333?
-100232001
In base 7, what is -1344 - 22511?
-24155
In base 10, what is 28992482 - 2?
28992480
In base 4, what is -21222010312 - -211?
-21222010101
In base 8, what is 0 + -573100306?
-573100306
In base 4, what is 23132 - -301113?
330311
In base 3, what is -11 + 20101121200112?
20101121200101
In base 10, what is -1 - -216057?
216056
In base 13, what is -1423 + 4919?
34c6
In base 4, what is -320300311112 + -3?
-320300311121
In base 15, what is -3 + -e0744c3?
-e0744c6
In base 4, what is 200010202302 + 200?
200010203102
In base 3, what is -21122110022 + -100012?
-21122210111
In base 5, what is 2 - -11013200200?
11013200202
In base 9, what is 475130783 - 2?
475130781
In base 15, what is 497aa61 + -2?
497aa5e
In base 3, what is 102 + -1112110102022?
-1112110101220
In base 12, what is -21bb - 94b?
-2b4a
In base 10, what is 22066 - -7181?
29247
In base 14, what is 125cc + -572?
1205a
In base 10, what is -129518 - -23?
-129495
In base 16, what is -1113 + 46?
-10cd
In base 15, what is -16abc14 - -4?
-16abc10
In base 7, what is 6 - -556206506?
556206515
In base 7, what is 45264111 + -21?
45264060
In base 16, what is 1 + -97c29?
-97c28
In base 5, what is -402223 + -1200133?
-2102411
In base 9, what is 450563 - 136?
450426
In base 2, what is 0 + 10101010110100010000000?
10101010110100010000000
In base 11, what is -6 - -59588a18?
59588a12
In base 9, what is 3 - 43328712?
-43328708
In base 16, what is 3 + 1ea016?
1ea019
In base 10, what is 7 - -136791157?
136791164
In base 6, what is 114254 + -223432?
-105134
In base 8, what is 43474 + 13521?
57215
In base 12, what is -61 + -14157b?
-141620
In base 4, what is 2322330023111 - -2?
2322330023113
In base 9, what is 2 - -33785140?
33785142
In base 9, what is -13 - 1081888?
-1082012
In base 13, what is 44 + 148163?
1481a7
In base 4, what is -103310301 + 1211?
-103303030
In base 13, what is 25 + -34b71a9?
-34b7184
In base 5, what is -20421423 + 1010?
-20420413
In base 4, what is -1232200 + 12203?
-1213331
In base 16, what is -8 + -2527b6d?
-2527b75
In base 6, what is 23410445244 - 4?
23410445240
In base 16, what is 12ad1f9 - 5?
12ad1f4
In base 11, what is -30 + 241074?
241044
In base 2, what is 10 + 10111000100000001000?
10111000100000001010
In base 14, what is 339ab49 - 2?
339ab47
In base 8, what is -1 - -113456503?
113456502
In base 9, what is 47006 - 1284?
45612
In base 10, what is -4393717 + 4?
-4393713
In base 14, what is -1bcb9 + 4c5?
-1b7d4
In base 6, what is -41510101 + 1131?
-41504530
In base 5, what is -1123000 + 12324?
-1110121
In base 8, what is -4 + 45021124?
45021120
In base 7, what is 102 + -4045145?
-4045043
In base 4, what is 1120010323012 + 10?
1120010323022
In base 6, what is 111123415 - 22?
111123353
In base 8, what is 11001200 - -24?
11001224
In base 11, what is 11241 + 1a77?
13208
In base 8, what is -43307323 + -5?
-43307330
In base 12, what is -653a9138 + -4?
-653a9140
In base 3, what is 11 - -22022010211211?
22022010211222
In base 3, what is 110110002222 - 220?
110110002002
In base 7, what is -1126555 - 53?
-1126641
In base 16, what is -1887 - -27e?
-1609
In base 4, what is -12110001131 + 223?
-12110000302
In base 14, what is -1027850 + -32?
-1027882
In base 12, what is 2 + -54b665a?
-54b6658
In base 16, what is 46 + -70c?
-6c6
In base 15, what is -668442c + 2?
-668442a
In base 10, what is 5 - -4132882?
4132887
In base 10, what is 505 - 30852?
-30347
In base 6, what is -215054 - -2253?
-212401
In base 15, what is -13b5 - 14a0?
-2865
In base 7, what is -13063 + 63626?
50533
In base 3, what is 1 + 11010101020001?
11010101020002
In base 16, what is -1 + 9b387e3?
9b387e2
In base 14, what is 2a - 157580?
-157554
In base 14, what is -1878b375 - 3?
-1878b378
In base 5, what is -141314104421 - 20?
-141314104441
In base 8, what is -4 + 372122717?
372122713
In base 8, what is 5 - 254623120?
-254623113
In base 4, what is 20012003203 - -1010?
20012010213
In base 8, what is 210345747 - 3?
210345744
In base 5, what is -434221034033 + -4?
-434221034042
In base 12, what is -42 - -18165?
18123
In base 8, what is -3 + -127166006?
-127166011
In base 13, what is 3a0 - 172a9?
-16c09
In base 10, what is -6 - -65793459?
65793453
In base 6, what is -10032012 - -445?
-10031123
In base 9, what is 1747 - -114412?
116260
In base 15, what is -a40715 + -3?
-a40718
In base 16, what is 1279b + -1b1?
125ea
In b